{"id":53,"date":"2024-01-20T23:53:23","date_gmt":"2024-01-20T22:53:23","guid":{"rendered":"https:\/\/portraitsonores.com\/?page_id=53"},"modified":"2024-02-24T20:54:44","modified_gmt":"2024-02-24T19:54:44","slug":"immortaliser-les-voix-et-les-souvenirs","status":"publish","type":"page","link":"https:\/\/portraitsonores.com\/","title":{"rendered":"Portraits et biographies sonores"},"content":{"rendered":"\n<p style=\"font-size:clamp(14px, 0.875rem + ((1vw - 3.2px) * 0.417), 18px);\">Parce que le son et la voix ont le pouvoir de nous transporter au plus pr\u00e8s des \u00e9motions, je r\u00e9alise pour vous des portraits ou biographies sonores. <br><a href=\"https:\/\/www.radiofrance.fr\/personnes\/marine-beccarelli\" target=\"_blank\" rel=\"noopener\" title=\"A propos\">Professionnelle de radio<\/a>, je mets mes comp\u00e9tences au service de votre histoire et de votre personnalit\u00e9, pour composer une cr\u00e9ation sonore sur-mesure, \u00e0 partir d&#8217;enregistrements r\u00e9alis\u00e9s avec vous. <br><strong>Des montages sonores<\/strong> <strong>originaux<\/strong> <strong>pour transmettre votre histoire familiale ou pour garder une trace des voix qui vous sont ch\u00e8res.<\/strong><br>Je r\u00e9alise \u00e9galement pour vous des cartes postales ou lettres d&#8217;amour sonores, mais aussi des reportages embarqu\u00e9s au c\u0153ur d&#8217;\u00e9v\u00e9nements marquants (anniversaire, mariage, grossesse, d\u00e9part en retraite&#8230;) <\/p>\n\n\n\n<div class=\"wp-block-columns is-layout-flex wp-container-core-columns-layout-1 wp-block-columns-is-layout-flex\">\n<div class=\"wp-block-column is-layout-flow wp-block-column-is-layout-flow\">\n<p style=\"font-size:clamp(14px, 0.875rem + ((1vw - 3.2px) * 0.417), 18px);\">Vous souhaitez revenir sur les moments forts de votre vie, raconter votre histoire, la transmettre \u00e0 vos proches ? <br>Vous aimeriez offrir cette possibilit\u00e9 \u00e0 un parent ou grand-parent ?<br>Vous avez envie de surprendre avec un message ou cadeau original ? <br>De tisser \u00e0 plusieurs voix le portrait d&#8217;un proche ? <br>Vous r\u00eavez d&#8217;immortaliser un \u00e9v\u00e9nement marquant de votre vie ? <br>D&#8217;enregistrer les voix de vos enfants ou de votre entourage ?&#8230;<br><\/p>\n\n\n\n<p style=\"font-size:clamp(14px, 0.875rem + ((1vw - 3.2px) * 0.417), 18px);\"><strong>N&#8217;h\u00e9sitez pas \u00e0<a href=\"https:\/\/portraitsonores.com\/index.php\/contactez-moi-pour-me-parler-de-vos-projets-sonores\/\" target=\"_blank\" rel=\"noopener\" title=\"Contact\"> prendre contact avec moi<\/a> pour en discuter ! <\/strong><br><\/p>\n\n\n\n<p style=\"font-size:clamp(14px, 0.875rem + ((1vw - 3.2px) * 0.417), 18px);\"><\/p>\n\n\n\n<div class=\"wp-block-buttons is-content-justification-center is-layout-flex wp-container-core-buttons-layout-1 wp-block-buttons-is-layout-flex\">\n<div class=\"wp-block-button\"><a class=\"wp-block-button__link has-secondary-background-color has-background wp-element-button\" href=\"https:\/\/portraitsonores.com\/index.php\/contactez-moi-pour-me-parler-de-vos-projets-sonores\/\" target=\"_blank\" rel=\"noreferrer noopener\">Contact<\/a><\/div>\n<\/div>\n\n\n\n<p style=\"font-size:clamp(14px, 0.875rem + ((1vw - 3.2px) * 0.417), 18px);\"><\/p>\n<\/div>\n\n\n\n<div class=\"wp-block-column is-layout-flow wp-block-column-is-layout-flow\">\n<figure class=\"wp-block-image size-large has-custom-border is-style-rounded\"><img loading=\"lazy\" decoding=\"async\" width=\"1358\" height=\"1358\" src=\"https:\/\/portraitsonores.com\/wp-content\/uploads\/2024\/02\/51277440709_3306510d80_k-edited-2.jpg\" alt=\"Un couple de personnes \u00e2g\u00e9es regarde au loin la mer et l'horizon depuis une plage. Ils portent tous les deux un manteau rouge. La photo d\u00e9gage une atmosph\u00e8re positive et optimiste. \" class=\"wp-image-230\" style=\"border-style:none;border-width:0px;border-radius:100px\" srcset=\"https:\/\/portraitsonores.com\/wp-content\/uploads\/2024\/02\/51277440709_3306510d80_k-edited-2.jpg 1358w, https:\/\/portraitsonores.com\/wp-content\/uploads\/2024\/02\/51277440709_3306510d80_k-edited-2-300x300.jpg 300w, https:\/\/portraitsonores.com\/wp-content\/uploads\/2024\/02\/51277440709_3306510d80_k-edited-2-1024x1024.jpg 1024w, https:\/\/portraitsonores.com\/wp-content\/uploads\/2024\/02\/51277440709_3306510d80_k-edited-2-150x150.jpg 150w\" sizes=\"(max-width: 1358px) 100vw, 1358px\" \/><\/figure>\n<\/div>\n<\/div>\n\n\n\n<blockquote class=\"wp-block-quote is-style-plain has-background\" style=\"background-color:#e0ebeb;font-size:clamp(14px, 0.875rem + ((1vw - 3.2px) * 0.625), 20px);\">\n<p><a href=\"https:\/\/portraitsonores.com\/index.php\/a-propos\/\" target=\"_blank\" rel=\"noopener\" title=\"A propos\">Bas\u00e9e \u00e0 Lyon,<\/a> je me d\u00e9place en r\u00e9gion lyonnaise et plus largement en Auvergne Rh\u00f4ne-Alpes pour vous rencontrer et vous enregistrer. <\/p>\n<cite><strong>JE SERAIS HEUREUSE D&#8217;ECHANGER AUTOUR DE VOS PROJETS ET ENVIES AVEC VOUS ! <\/strong><\/cite><\/blockquote>\n\n\n\n<div class=\"wp-block-columns is-layout-flex wp-container-core-columns-layout-2 wp-block-columns-is-layout-flex\">\n<div class=\"wp-block-column is-layout-flow wp-block-column-is-layout-flow\" style=\"flex-basis:66.67%\">\n<p class=\"has-x-small-font-size\"><\/p>\n\n\n\n<figure class=\"wp-block-embed is-type-rich is-provider-soundcloud wp-block-embed-soundcloud\" style=\"margin-top:0;margin-right:0;margin-bottom:0;margin-left:0\"><div class=\"wp-block-embed__wrapper\">\n<iframe loading=\"lazy\" title=\"37\u00b02 - Georges, la vie au fil de l&#039;eau \/ Radio Campus Paris 2017 by marinebeccarelli\" width=\"950\" height=\"400\" scrolling=\"no\" frameborder=\"no\" src=\"https:\/\/w.soundcloud.com\/player\/?visual=true&#038;url=https%3A%2F%2Fapi.soundcloud.com%2Ftracks%2F732374227&#038;show_artwork=true&#038;maxheight=1000&#038;maxwidth=950\"><\/iframe>\n<\/div><figcaption class=\"wp-element-caption\">Exemple de r\u00e9alisation. Portrait sonore de Georges, 94 ans.<\/figcaption><\/figure>\n<\/div>\n\n\n\n<div class=\"wp-block-column is-layout-flow wp-block-column-is-layout-flow\" style=\"flex-basis:33.33%\">\n<figure class=\"wp-block-image aligncenter size-full is-resized\"><img loading=\"lazy\" decoding=\"async\" width=\"1022\" height=\"1022\" src=\"http:\/\/portraitsonores.com\/wp-content\/uploads\/2024\/01\/cropped-598db66d-2d39-420f-b6dc-19acb148b893.jpg\" alt=\"Je r\u00e9alise pour vous des portraits ou biographies sonores. Logo repr\u00e9sentant une femme recueillant la parole d'une dame \u00e2g\u00e9e au micro, qui lui raconte ses souvenirs. \" class=\"wp-image-153\" style=\"width:273px;height:auto\" srcset=\"https:\/\/portraitsonores.com\/wp-content\/uploads\/2024\/01\/cropped-598db66d-2d39-420f-b6dc-19acb148b893.jpg 1022w, https:\/\/portraitsonores.com\/wp-content\/uploads\/2024\/01\/cropped-598db66d-2d39-420f-b6dc-19acb148b893-300x300.jpg 300w, https:\/\/portraitsonores.com\/wp-content\/uploads\/2024\/01\/cropped-598db66d-2d39-420f-b6dc-19acb148b893-150x150.jpg 150w\" sizes=\"(max-width: 1022px) 100vw, 1022px\" \/><\/figure>\n<\/div>\n<\/div>\n\n\n\n<div class=\"wp-block-group has-global-padding is-layout-constrained wp-block-group-is-layout-constrained\">\n<div class=\"wp-block-columns is-layout-flex wp-container-core-columns-layout-3 wp-block-columns-is-layout-flex\">\n<div class=\"wp-block-column is-layout-flow wp-block-column-is-layout-flow\" style=\"flex-basis:100%\"><\/div>\n<\/div>\n<\/div>\n","protected":false},"excerpt":{"rendered":"<p>Parce que le son et la voix ont le pouvoir de nous transporter au plus pr\u00e8s des \u00e9motions, je r\u00e9alise pour vous des portraits ou biographies sonores. Professionnelle de radio, je mets mes comp\u00e9tences au service de votre histoire et de votre personnalit\u00e9, pour composer une cr\u00e9ation sonore sur-mesure, \u00e0 partir d&#8217;enregistrements r\u00e9alis\u00e9s avec vous. &hellip; <\/p>\n<p class=\"link-more\"><a href=\"https:\/\/portraitsonores.com\/\" class=\"more-link\">Read more<span class=\"screen-reader-text\"> &#8220;Portraits et biographies sonores&#8221;<\/span><\/a><\/p>\n","protected":false},"author":1,"featured_media":345,"parent":0,"menu_order":0,"comment_status":"closed","ping_status":"closed","template":"","meta":{"om_disable_all_campaigns":false,"_monsterinsights_skip_tracking":false,"_monsterinsights_sitenote_active":false,"_monsterinsights_sitenote_note":"","_monsterinsights_sitenote_category":0,"footnotes":""},"aioseo_notices":[],"_links":{"self":[{"href":"https:\/\/portraitsonores.com\/index.php\/wp-json\/wp\/v2\/pages\/53"}],"collection":[{"href":"https:\/\/portraitsonores.com\/index.php\/wp-json\/wp\/v2\/pages"}],"about":[{"href":"https:\/\/portraitsonores.com\/index.php\/wp-json\/wp\/v2\/types\/page"}],"author":[{"embeddable":true,"href":"https:\/\/portraitsonores.com\/index.php\/wp-json\/wp\/v2\/users\/1"}],"replies":[{"embeddable":true,"href":"https:\/\/portraitsonores.com\/index.php\/wp-json\/wp\/v2\/comments?post=53"}],"version-history":[{"count":75,"href":"https:\/\/portraitsonores.com\/index.php\/wp-json\/wp\/v2\/pages\/53\/revisions"}],"predecessor-version":[{"id":454,"href":"https:\/\/portraitsonores.com\/index.php\/wp-json\/wp\/v2\/pages\/53\/revisions\/454"}],"wp:featuredmedia":[{"embeddable":true,"href":"https:\/\/portraitsonores.com\/index.php\/wp-json\/wp\/v2\/media\/345"}],"wp:attachment":[{"href":"https:\/\/portraitsonores.com\/index.php\/wp-json\/wp\/v2\/media?parent=53"}],"curies":[{"name":"wp","href":"https:\/\/api.w.org\/{rel}","templated":true}]}}