{"id":17,"date":"2024-01-20T21:46:44","date_gmt":"2024-01-20T20:46:44","guid":{"rendered":"https:\/\/portraitsonores.com\/?page_id=17"},"modified":"2024-02-24T20:56:35","modified_gmt":"2024-02-24T19:56:35","slug":"a-propos","status":"publish","type":"page","link":"https:\/\/portraitsonores.com\/index.php\/a-propos\/","title":{"rendered":"A propos"},"content":{"rendered":"\n<div class=\"wp-block-cover is-light has-background-color has-text-color has-link-color wp-elements-a60f0371ce79d1c614709d9d6472c2e2\" style=\"min-height:437px\"><span aria-hidden=\"true\" class=\"wp-block-cover__background has-background-dim-0 has-background-dim\"><\/span><img loading=\"lazy\" decoding=\"async\" width=\"2048\" height=\"1358\" class=\"wp-block-cover__image-background wp-image-202\" alt=\"\" src=\"http:\/\/portraitsonores.com\/wp-content\/uploads\/2024\/02\/52199534795_8d53ab485c_k.jpg\" data-object-fit=\"cover\" srcset=\"https:\/\/portraitsonores.com\/wp-content\/uploads\/2024\/02\/52199534795_8d53ab485c_k.jpg 2048w, https:\/\/portraitsonores.com\/wp-content\/uploads\/2024\/02\/52199534795_8d53ab485c_k-300x199.jpg 300w, https:\/\/portraitsonores.com\/wp-content\/uploads\/2024\/02\/52199534795_8d53ab485c_k-1024x679.jpg 1024w, https:\/\/portraitsonores.com\/wp-content\/uploads\/2024\/02\/52199534795_8d53ab485c_k-2000x1326.jpg 2000w\" sizes=\"(max-width: 2048px) 100vw, 2048px\" \/><div class=\"wp-block-cover__inner-container is-layout-flow wp-block-cover-is-layout-flow\">\n<p class=\"has-text-align-center has-foreground-color has-text-color has-link-color has-small-font-size wp-elements-cbb768e3c5bcc1911091479fbab5cb7d\">J&#8217;ai toujours aim\u00e9 me laisser embarquer par les voix et les histoires des autres. <br>Celles de la radio et celles de mes proches, <br>mais aussi celles des inconnus rencontr\u00e9s au hasard. <br>J&#8217;aime \u00e9couter et me nourrir des exp\u00e9riences. <\/p>\n\n\n\n<p><br><\/p>\n\n\n\n<p class=\"has-text-align-right\">Convaincue que chaque histoire m\u00e9rite d&#8217;\u00eatre racont\u00e9e, <br>je mets mes comp\u00e9tences sonores au service de la v\u00f4tre, <br><strong>pour contribuer \u00e0 la transmission des \u00e9motions et de la m\u00e9moire. <\/strong> <\/p>\n\n\n\n<p><\/p>\n\n\n\n<p class=\"has-text-align-right\"><strong><em>Marine Beccarelli<\/em><\/strong><\/p>\n<\/div><\/div>\n\n\n\n<div style=\"height:34px\" aria-hidden=\"true\" class=\"wp-block-spacer\"><\/div>\n\n\n\n<h3 class=\"wp-block-heading\">MON PARCOURS <\/h3>\n\n\n\n<p>Je suis n\u00e9e en 1988 en Haute-Savoie, o\u00f9 j\u2019ai grandi. Apr\u00e8s des \u00e9tudes d\u2019histoire jusqu\u2019au doctorat, durant lesquelles je me suis sp\u00e9cialis\u00e9e dans l\u2019histoire de la radio, j\u2019ai travaill\u00e9 plusieurs ann\u00e9es \u00e0 Radio France comme collaboratrice d\u2019\u00e9missions \u2013 \u00e0 France Inter puis France Culture \u2013, avant de cr\u00e9er mes propres documentaires radiophoniques et podcasts, notamment pour<a href=\"https:\/\/www.radiofrance.fr\/personnes\/marine-beccarelli\" target=\"_blank\" rel=\"noopener\" title=\"\"> France Culture<\/a> et <a href=\"https:\/\/podcasts.apple.com\/fr\/podcast\/les-nuits-du-bout-des-ondes\/id1587349817\" target=\"_blank\" rel=\"noopener\" title=\"\">L\u2019INA<\/a>, mais aussi pour Canal + et la Fondation Abb\u00e9 Pierre (<a href=\"https:\/\/beccarellimarine.wixsite.com\/marinebeccarelli\/single-project\" target=\"_blank\" rel=\"noopener\" title=\"\">voir mes diff\u00e9rentes r\u00e9alisations<\/a>).<\/p>\n\n\n\n<div class=\"wp-block-columns is-layout-flex wp-container-core-columns-layout-1 wp-block-columns-is-layout-flex\">\n<div class=\"wp-block-column is-layout-flow wp-block-column-is-layout-flow\" style=\"flex-basis:66.66%\">\n<p>\u0152uvrant d\u00e9sormais en tant qu\u2019autrice et documentariste sonore ind\u00e9pendante \u00e0 Lyon, j\u2019ai \u00e0 c\u0153ur de recueillir les t\u00e9moignages de celles et ceux que l\u2019on entend habituellement peu, en tendant mon micro \u00e0 des femmes et des hommes \u00ab&nbsp;ordinaires&nbsp;\u00bb.<\/p>\n\n\n\n<p>Je souhaite aussi mettre mes comp\u00e9tences sonores au service de vos histoires et de vos souvenirs. <br><strong>Fascin\u00e9e par la puissance \u00e9vocatrice du son, par le caract\u00e8re intime et sensible des voix<\/strong>, je viens \u00e0 votre rencontre pour enregistrer et conserver votre histoire ou celle de vos proches.<\/p>\n\n\n\n<p>En parall\u00e8le de mes activit\u00e9s sonores, j\u2019enseigne \u00e0 l\u2019universit\u00e9 et en \u00e9coles de journalisme. J&#8217;anime aussi des ateliers radio aupr\u00e8s d\u2019un public scolaire.<\/p>\n\n\n\n<p>La notion de transmission est au c\u0153ur de toutes mes activit\u00e9s.<\/p>\n<\/div>\n\n\n\n<div class=\"wp-block-column is-layout-flow wp-block-column-is-layout-flow\" style=\"flex-basis:33.33%\">\n<figure class=\"wp-block-image size-large has-custom-border is-style-rounded wp-duotone-unset-1\"><img loading=\"lazy\" decoding=\"async\" width=\"768\" height=\"1024\" src=\"http:\/\/portraitsonores.com\/wp-content\/uploads\/2024\/01\/IMG_5285i-edited-768x1024.jpg\" alt=\"\" class=\"wp-image-170\" style=\"border-style:none;border-width:0px;border-radius:100px\" srcset=\"https:\/\/portraitsonores.com\/wp-content\/uploads\/2024\/01\/IMG_5285i-edited-768x1024.jpg 768w, https:\/\/portraitsonores.com\/wp-content\/uploads\/2024\/01\/IMG_5285i-edited-225x300.jpg 225w, https:\/\/portraitsonores.com\/wp-content\/uploads\/2024\/01\/IMG_5285i-edited.jpg 922w\" sizes=\"(max-width: 768px) 100vw, 768px\" \/><\/figure>\n<\/div>\n<\/div>\n\n\n\n<div class=\"wp-block-buttons is-content-justification-center is-layout-flex wp-container-core-buttons-layout-1 wp-block-buttons-is-layout-flex\">\n<div class=\"wp-block-button\"><a class=\"wp-block-button__link has-secondary-background-color has-background wp-element-button\" href=\"https:\/\/portraitsonores.com\/index.php\/contactez-moi-pour-me-parler-de-vos-projets-sonores\/\" target=\"_blank\" rel=\"noreferrer noopener\">Me contacter<\/a><\/div>\n<\/div>\n\n\n\n<h3 class=\"wp-block-heading\"><br><strong>EXTRAITS D&#8217;ARTICLES DE PRESSE SUR MON TRAVAIL RADIOPHONIQUE<\/strong><\/h3>\n\n\n\n<div class=\"wp-block-group is-layout-flow wp-block-group-is-layout-flow\">\n<div class=\"wp-block-columns is-layout-flex wp-container-core-columns-layout-5 wp-block-columns-is-layout-flex\">\n<div class=\"wp-block-column is-style-shadow has-background is-layout-flow wp-block-column-is-layout-flow\" style=\"border-style:none;border-width:0px;background-color:#f4f5f8;padding-top:30px;padding-right:30px;padding-bottom:30px;padding-left:30px\">\n<p>&#8220;Une d\u00e9licate cr\u00e9ation sonore, \u00e0 mi-chemin entre le portrait et le carnet de bord, qui capte tr\u00e8s bien ce moment si particulier de l&#8217;existence : le passage \u00e0 l&#8217;\u00e2ge adulte. [&#8230;]&nbsp; Unique et pourtant si familier, ce portrait sonore s&#8217;av\u00e8re particuli\u00e8rement touchant.&#8221;<br><strong>TTT<\/strong><\/p>\n\n\n\n<p class=\"has-text-align-right\">Ir\u00e8ne Verlaque,&nbsp;<a href=\"https:\/\/www.telerama.fr\/radio\/podcast-lila-et-la-poesie-du-monde-une-ado-bien-de-son-temps-sur-france-culture-7018446.php\" target=\"_blank\" rel=\"noreferrer noopener\"><em>T\u00e9l\u00e9rama<\/em><\/a><\/p>\n\n\n\n<p class=\"has-text-align-center has-x-small-font-size\">A propos de <em><a href=\"https:\/\/www.radiofrance.fr\/franceculture\/podcasts\/l-experience\/lila-et-la-poesie-du-monde-3333659\" target=\"_blank\" rel=\"noopener\" title=\"\">Lila et la Po\u00e9sie du Monde,<\/a><\/em> France Culture, 2023<\/p>\n\n\n\n<div class=\"wp-block-columns are-vertically-aligned-center is-layout-flex wp-container-core-columns-layout-2 wp-block-columns-is-layout-flex\">\n<div class=\"wp-block-column is-vertically-aligned-center is-layout-flow wp-block-column-is-layout-flow\" style=\"flex-basis:100px\"><\/div>\n<\/div>\n<\/div>\n\n\n\n<div class=\"wp-block-column is-style-shadow has-background is-layout-flow wp-block-column-is-layout-flow\" style=\"border-style:none;border-width:0px;background-color:#f4f5f8;padding-top:30px;padding-right:30px;padding-bottom:30px;padding-left:30px\">\n<p>&#8220;Des t\u00e9moignages intimes saisissants.&#8221;&nbsp;<strong>TTTT<\/strong><\/p>\n\n\n\n<p class=\"has-text-align-right\">Fatine Gadri,&nbsp;<a href=\"https:\/\/www.telerama.fr\/radio\/podcast-fais-parler-les-hommes-la-masculinite-toute-nue-7010156.php\" target=\"_blank\" rel=\"noreferrer noopener\"><em>T\u00e9l\u00e9rama<\/em><\/a><\/p>\n\n\n\n<p>&#8220;Cette s\u00e9rie brille par les instants de vie et les prises de conscience qu&#8217;elle a saisis. [&#8230;] Un travail pr\u00e9cieux.&#8221;\u200b\u200b<\/p>\n\n\n\n<p class=\"has-text-align-right\">Mouna El Mokhtari,&nbsp;<a href=\"https:\/\/www.lemonde.fr\/culture\/article\/2021\/03\/19\/podcast-france-culture-laisse-parler-les-femmes-et-fait-entendre-le-precieux-bruissement-de-l-emancipation-feminine_6073794_3246.html\" target=\"_blank\" rel=\"noreferrer noopener\"><em>Le Monde<\/em><\/a><\/p>\n\n\n\n<p>&#8220;Ultra bien r\u00e9alis\u00e9 et \u00e9crit, le podcast qui fait sauter le verrou de la masculinit\u00e9 mutique.\u201d<\/p>\n\n\n\n<p class=\"has-text-align-right\">Bruno Deruisseau,&nbsp;<a href=\"https:\/\/www.lesinrocks.com\/actu\/fais-parler-les-hommes-le-podcast-qui-fait-sauter-le-verrou-de-la-virilite-mutique-455687-10-04-2022\/\" target=\"_blank\" rel=\"noreferrer noopener\"><em>Les Inrocks&nbsp;<\/em><\/a><\/p>\n\n\n\n<p class=\"has-x-small-font-size\">A propos des s\u00e9ries <em><a href=\"https:\/\/www.radiofrance.fr\/franceculture\/podcasts\/serie-laisse-parler-les-femmes\" target=\"_blank\" rel=\"noopener\" title=\"\">Laisse Parler les femmes <\/a><\/em>et <a href=\"https:\/\/www.radiofrance.fr\/franceculture\/podcasts\/serie-fais-parler-les-hommes\" target=\"_blank\" rel=\"noopener\" title=\"\"><em>Fais Parler les hommes<\/em>, <\/a>co-\u00e9crites et co-produites \u00e0 4, France Culture, 2021 &amp; 2022<\/p>\n\n\n\n<div class=\"wp-block-columns are-vertically-aligned-center is-layout-flex wp-container-core-columns-layout-3 wp-block-columns-is-layout-flex\">\n<div class=\"wp-block-column is-vertically-aligned-center is-layout-flow wp-block-column-is-layout-flow\" style=\"flex-basis:100px\"><\/div>\n<\/div>\n<\/div>\n\n\n\n<div class=\"wp-block-column is-style-shadow has-background is-layout-flow wp-block-column-is-layout-flow\" style=\"border-style:none;border-width:0px;background-color:#f4f5f8;padding-top:30px;padding-right:30px;padding-bottom:30px;padding-left:30px\">\n<p>&#8220;Un voyage fabuleux dans la m\u00e9moire des \u00e9missions de radio de nuit&#8221;.<\/p>\n\n\n\n<p class=\"has-text-align-right\">Emilie Grangeray,&nbsp;<em><a href=\"https:\/\/www.lemonde.fr\/culture\/article\/2021\/02\/17\/les-nuits-du-bout-des-ondes-en-podcast-un-voyage-avec-jean-le-taxi-dans-paris-la-nuit_6070290_3246.html\" target=\"_blank\" rel=\"noopener\" title=\"\">Le Monde<\/a><\/em><\/p>\n\n\n\n<p>&#8220;Une fiction tiss\u00e9e d&#8217;archives qui brille dans le noir [&#8230;] et qui nous transporte&#8230; jusqu&#8217;au bout de la nuit&#8221;. <strong>TTT<\/strong><\/p>\n\n\n\n<p class=\"has-text-align-right\">Ir\u00e8ne Verlaque,&nbsp;<a href=\"https:\/\/www.telerama.fr\/radio\/les-nuits-du-bout-des-ondes-une-fiction-tissee-darchives-qui-brille-dans-le-noir-6818939.php\" target=\"_blank\" rel=\"noreferrer noopener\"><em>T\u00e9l\u00e9rama<\/em><\/a><\/p>\n\n\n\n<p class=\"has-text-align-center has-x-small-font-size\">A propos de la s\u00e9rie<em> <a href=\"https:\/\/podcasts.apple.com\/fr\/podcast\/les-nuits-du-bout-des-ondes\/id1587349817\" target=\"_blank\" rel=\"noopener\" title=\"\">Les Nuits du bout des ondes<\/a><\/em>, co-\u00e9crite et co-r\u00e9alis\u00e9e \u00e0 3, L&#8217;INA, 2021<em>&nbsp;<\/em><\/p>\n\n\n\n<div class=\"wp-block-columns are-vertically-aligned-center is-layout-flex wp-container-core-columns-layout-4 wp-block-columns-is-layout-flex\">\n<div class=\"wp-block-column is-vertically-aligned-center is-layout-flow wp-block-column-is-layout-flow\" style=\"flex-basis:100px\"><\/div>\n\n\n\n<div class=\"wp-block-column is-vertically-aligned-center is-layout-flow wp-block-column-is-layout-flow\">\n<p class=\"has-foreground-color has-text-color\"><\/p>\n<\/div>\n<\/div>\n<\/div>\n<\/div>\n<\/div>\n\n\n\n<div class=\"wp-block-columns is-layout-flex wp-container-core-columns-layout-6 wp-block-columns-is-layout-flex\">\n<div class=\"wp-block-column is-layout-flow wp-block-column-is-layout-flow\">\n<figure class=\"wp-block-image aligncenter size-large is-resized wp-duotone-unset-2\"><img loading=\"lazy\" decoding=\"async\" width=\"1024\" height=\"1024\" src=\"http:\/\/portraitsonores.com\/wp-content\/uploads\/2024\/01\/1668530099677-edited-1024x1024.jpg\" alt=\"Marine Beccarelli interviewant un vieux monsieur en Corse, pour la s\u00e9rie documentaire &quot;Fais parler les hommes&quot;, de France Culture \" class=\"wp-image-48\" style=\"width:380px;height:auto\" srcset=\"https:\/\/portraitsonores.com\/wp-content\/uploads\/2024\/01\/1668530099677-edited-1024x1024.jpg 1024w, https:\/\/portraitsonores.com\/wp-content\/uploads\/2024\/01\/1668530099677-edited-300x300.jpg 300w, https:\/\/portraitsonores.com\/wp-content\/uploads\/2024\/01\/1668530099677-edited-150x150.jpg 150w, https:\/\/portraitsonores.com\/wp-content\/uploads\/2024\/01\/1668530099677-edited-768x768.jpg 768w, https:\/\/portraitsonores.com\/wp-content\/uploads\/2024\/01\/1668530099677-edited.jpg 1200w\" sizes=\"(max-width: 1024px) 100vw, 1024px\" \/><figcaption class=\"wp-element-caption\">Reportage en Corse pour la s\u00e9rie documentaire<em> Fais parler les hommes<\/em> pour France Culture <\/figcaption><\/figure>\n<\/div>\n<\/div>\n","protected":false},"excerpt":{"rendered":"<p>MON PARCOURS Je suis n\u00e9e en 1988 en Haute-Savoie, o\u00f9 j\u2019ai grandi. Apr\u00e8s des \u00e9tudes d\u2019histoire jusqu\u2019au doctorat, durant lesquelles je me suis sp\u00e9cialis\u00e9e dans l\u2019histoire de la radio, j\u2019ai travaill\u00e9 plusieurs ann\u00e9es \u00e0 Radio France comme collaboratrice d\u2019\u00e9missions \u2013 \u00e0 France Inter puis France Culture \u2013, avant de cr\u00e9er mes propres documentaires radiophoniques et &hellip; <\/p>\n<p class=\"link-more\"><a href=\"https:\/\/portraitsonores.com\/index.php\/a-propos\/\" class=\"more-link\">Read more<span class=\"screen-reader-text\"> &#8220;A propos&#8221;<\/span><\/a><\/p>\n","protected":false},"author":1,"featured_media":0,"parent":0,"menu_order":0,"comment_status":"open","ping_status":"closed","template":"","meta":{"om_disable_all_campaigns":false,"_monsterinsights_skip_tracking":false,"_monsterinsights_sitenote_active":false,"_monsterinsights_sitenote_note":"","_monsterinsights_sitenote_category":0,"footnotes":""},"aioseo_notices":[],"_links":{"self":[{"href":"https:\/\/portraitsonores.com\/index.php\/wp-json\/wp\/v2\/pages\/17"}],"collection":[{"href":"https:\/\/portraitsonores.com\/index.php\/wp-json\/wp\/v2\/pages"}],"about":[{"href":"https:\/\/portraitsonores.com\/index.php\/wp-json\/wp\/v2\/types\/page"}],"author":[{"embeddable":true,"href":"https:\/\/portraitsonores.com\/index.php\/wp-json\/wp\/v2\/users\/1"}],"replies":[{"embeddable":true,"href":"https:\/\/portraitsonores.com\/index.php\/wp-json\/wp\/v2\/comments?post=17"}],"version-history":[{"count":49,"href":"https:\/\/portraitsonores.com\/index.php\/wp-json\/wp\/v2\/pages\/17\/revisions"}],"predecessor-version":[{"id":456,"href":"https:\/\/portraitsonores.com\/index.php\/wp-json\/wp\/v2\/pages\/17\/revisions\/456"}],"wp:attachment":[{"href":"https:\/\/portraitsonores.com\/index.php\/wp-json\/wp\/v2\/media?parent=17"}],"curies":[{"name":"wp","href":"https:\/\/api.w.org\/{rel}","templated":true}]}}